are the prime factors of b?
2, 3, 19
Suppose 33 = -a + 12. Let l = 34 + a. List the prime factors of l.
13
Let d be (-6)/(-15) + 6/10. Let o(i) = 3*i**2 - i + 1. Let j be o(d). What are the prime factors of j/9 - (-34)/6?
2, 3
Let a = 3 + 5. What are the prime factors of a?
2
Let t be -3 + (-3)/1 + -3. Let a be ((-24)/20)/(t/30). Suppose 0 = h + a*h - 90. List the prime factors of h.
2, 3
Let f(o) = 7*o + 4. Let v be f(-5). Let c = v + 50. List the prime factors of c.
19
Suppose -4*i - 8 = 2*a - 0*a, -5*a - i = 47. Suppose 3 = 2*w - 5. List the prime factors of w/10 + (-36)/a.
2
Let p(g) = g**2 + 11*g + 4. What are the prime factors of p(7)?
2, 5, 13
Suppose -l - 94 = -5*o, -4*o + l - 6*l = -52. Suppose 0*h = 3*h - o. Let q(r) = 4*r - 2. List the prime factors of q(h).
2, 11
List the prime factors of (-13)/52 - ((-633)/4 + 0).
2, 79
Let j(q) = q**3 - 2*q**2 + 2*q - 1. Let i be j(3). Let t(b) = 2*b**2 + 1. Let c be t(-1). Suppose n - i = -c*u, -u = u - 3*n - 13. List the prime factors of u.
5
Suppose 2*k - 18 = 76. List the prime factors of k.
47
Let y = 51 - 28. What are the prime factors of y?
23
Let m = -137 + 195. Let v be 4/10 + m/5. Suppose 0 = -4*t + t + v. What are the prime factors of t?
2
Suppose -5*k = -0*k - 15. Suppose k*z = 5*x + 8*z - 55, 53 = 4*x - 5*z. Let q = 24 - x. List the prime factors of q.
2, 3
Suppose 5*b = 181 + 34. What are the prime factors of b?
43
Let t be (-1)/(1/(-10)*2). Suppose 0 = -x, -2*x = -t*d + 3*x + 115. What are the prime factors of d?
23
Let d be (-1 - 1) + 2 + 6. Suppose -2*q - 2 = 0, -4*q = d*m - 3*m - 14. List the prime factors of (-101)/(-11) + m/(-33).
3
Let o = -38 + 107. What are the prime factors of o?
3, 23
List the prime factors of 602/26 - 4/26.
23
Let u(f) = f**2 + 7. Let b be u(0). Let z(n) = -6 + 0*n**3 - 3*n + 6*n + b*n**2 + n**3. List the prime factors of z(-6).
2, 3
Let y(m) be the first derivative of -1/2*m**2 + 1/3*m**3 - 1/4*m**4 + 8*m + 1. What are the prime factors of y(0)?
2
Let g = -2 + 5. Suppose 9 = -g*q, -4*q - 34 = -t - 4. What are the prime factors of t?
2, 3
Let h(u) = u**3 + 3*u**2 - 4*u + 8. Let s be h(-6). Suppose 0 = -3*z + 2 + 7, -3*r = -z - 3. What are the prime factors of (s/(-2))/(r/1)?
19
Suppose -5*z + 948 = 5*x - 97, 197 = z - 5*x. List the prime factors of z.
3, 23
What are the prime factors of -2*(-7 - -4)*(-1)/(-2)?
3
Suppose -10 = -2*n - 2. Suppose -3*w - 13 - 10 = -u, 4*u = -n*w + 172. What are the prime factors of u?
2, 19
What are the prime factors of 110/1 - (-2)/(1 + 0)?
2, 7
Let t(v) = -v**2 - 5*v + 6. Let f(z) = z**2 + 10*z - 13. Let p(s) = -3*f(s) - 5*t(s). List the prime factors of p(5).
2, 17
Suppose 0 = 5*y - 4*y - 123. What are the prime factors of y?
3, 41
Let s be (-516)/(-108) - 2/(-9). Let g(i) = 2*i - 8. List the prime factors of g(s).
2
Let u(f) = f**2 + 5*f + 5. List the prime factors of u(6).
71
Let g = -7 - -7. Suppose 3*d - 100 - 5 = g. List the prime factors of d.
5, 7
Suppose 3*l + 2*h - 1 = 0, -l - 2*l - 11 = 5*h. Suppose 0 = l*x - 15, 3*n - 21 = -3*x + 15. What are the prime factors of n?
7
Suppose 2*d = -5 + 13. Let l(h) = -h**3 + 3*h**2 + 4*h + 3. Let m be l(d). Suppose m*u - 5*u + 20 = 0. List the prime factors of u.
2, 5
Suppose 2*u - 67 = u - 4*h, 3*h - 165 = -3*u. What are the prime factors of u?
3, 17
Suppose -c + 50 = -11. What are the prime factors of c?
61
Suppose -d + k - 3*k = 12, -3*d - 30 = 3*k. List the prime factors of ((-110)/d)/(10/40).
5, 11
Let k be (-39)/(-26)*2/3. List the prime factors of (-14)/(k - 2/1).
2, 7
Let r(l) = -6*l**2 - 4*l - 6. Let y(c) = 7*c**2 + 4*c + 7. Let n(a) = 6*r(a) + 5*y(a). Let q be n(-4). List the prime factors of q + (-2 - (-1 + -14)).
2, 3
Let g(k) = -k**2 + 26. Let r be g(0). Let q = -5 + r. List the prime factors of q.
3, 7
Suppose -4*i - s = -39, 3*s - 5*s = 2. What are the prime factors of i?
2, 5
Suppose 4*a = 5*u - 5, 5*a + 0*a + u = 1. Suppose -5*i + 4*n = 41, 3*n = -a*i + i + 17. Let o(x) = -x**2 - 5*x + 4. List the prime factors of o(i).
2
Let w(y) = 8*y**2 - 4*y - 8. What are the prime factors of w(4)?
2, 13
Let l(d) = -d + 7. Let k be l(7). Suppose 0 = -s - 3*h, -2*h = 5*s - k*h + 52. List the prime factors of s/(-2)*(-1)/(-1).
2, 3
What are the prime factors of (-7)/(-3 - -24) + (-214)/(-3)?
71
List the prime factors of 1/((-5)/10) - -52.
2, 5
List the prime factors of 1/5 - (-48)/(-15) - -72.
3, 23
Suppose 0*y + 4*p = -3*y - 3, 5*p - 35 = 4*y. Let c(r) be the third derivative of -r**4/6 - r**3/6 - r**2. What are the prime factors of c(y)?
19
Suppose 0*b = -3*m - 2*b, 0 = 3*m - 5*b + 21. Let u(a) = 4*a**3 + a**2 + 3*a + 2. Let w be u(m). Let h = -23 - w. What are the prime factors of h?
3
Let r(p) = p**2 + p + 28. List the prime factors of r(0).
2, 7
Let s = -3 + -3. Let j(a) = -a**2 - 6*a + 2. What are the prime factors of j(s)?
2
Suppose -2*c = 2*a + a - 208, -2*c = -10. Suppose 0 - a = -3*f. Suppose -4*s + f = -14. List the prime factors of s.
3
Suppose -2 = -g + 2*d, -3*g + 5*g = -d + 14. Let v = g + -1. What are the prime factors of v?
5
Let y(k) = 3*k - 5. Let g(s) = -6*s + 9. Let j = -11 + 16. Let m(w) = j*y(w) + 2*g(w). List the prime factors of m(6).
11
Suppose 4*x + x = 20. Let a = -2 + 4. Suppose 8 = -a*v - 2*r + 6*r, -x*r + 20 = 4*v. List the prime factors of v.
2
Suppose -o = 2*i - 24, 7*o - 2*o = 2*i + 132. List the prime factors of 4/o + (-445)/(-65).
7
Suppose 5*r = 3*w - 8*w + 25, 0 = -4*r - 2*w + 24. What are the prime factors of r/(-28) - (-82)/8?
2, 5
Suppose -h - 33 = -b + 33, 0 = -2*b - h + 135. List the prime factors of b.
67
Let x = -237 - -540. Suppose 2*i + 3*p = -135, 2*p - x = 4*i - 3*p. What are the prime factors of 4/(-14) + i/(-7)?
2, 5
Suppose -7 = -2*y - 5*a, 3*y + 3 = -3*a + 9. Suppose 5 - y = z. Suppose -z = -2*w + 6. List the prime factors of w.
5
Suppose -2*r - 12 = 2. What are the prime factors of (-4)/(-2) + 1 - r?
2, 5
Suppose -131 = -3*x - 4*p, 0 = -2*x + p - 4*p + 87. What are the prime factors of x?
3, 5
Let y(s) = -s**2 - 3*s - 2. Let w be y(-4). Let z = 14 + w. What are the prime factors of z?
2
Let w = -55 + 100. List the prime factors of w.
3, 5
Let p(h) = -h + 4. Let i(n) = -8*n + 28. Let k(m) = -3*i(m) + 20*p(m). Let w(l) = -l + 1. Let t(b) = 3*k(b) + 8*w(b). List the prime factors of t(3).
2
Let q(l) = l**2 + 3*l. Let y be q(-6). Let s = -11 + y. List the prime factors of s.
7
Suppose 0*c = -4*g + 3*c + 20, -3*g = c - 15. Suppose i + r = 5*r - 5, -i + g*r = 7. List the prime factors of i.
3
What are the prime factors of (0 - -1) + -2 + 86?
5, 17
Suppose 224 = 4*n - 2*n. List the prime factors of n.
2, 7
Suppose -19 = -3*s + 5*w, 3*s - 5 = -w - w. Suppose -11 - 1 = s*o. What are the prime factors of o + 3 + 3*2?
5
Suppose 0 = -7*m + 228 + 402. What are the prime factors of m?
2, 3, 5
What are the prime factors of -2*91/(-2) + -2?
89
Let w = -24 - -27. List the prime factors of w.
3
Let s = 6 - 4. List the prime factors of s.
2
Let p(j) = 1 - 20*j**2 + j + 12*j**2 - j**3 - 4*j. List the prime factors of p(-8).
5
Suppose -2*l + 13*l - 22 = 0. Let r(v) be the second derivative of v**4/4 - v**3/6 + v**2/2 - v. What are the prime factors of r(l)?
11
Suppose -6 = -3*k - 3*p, -6 - 4 = -2*k + 4*p. Suppose -k*g - 111 = -3*c, 2*c - g - 80 = 4*g. List the prime factors of c.
5, 7
Suppose -h + 69 = -3*l, 0*h - 3*l + 195 = 3*h. What are the prime factors of h?
2, 3, 11
Let s(h) = 26*h - 1. Let b be s(1). Suppose -l + 6*l = b. List the prime factors of l.
5
Suppose 0*a + 7 = 4*a + 3*m, 3 = -3*a - 5*m. Suppose 50 + 9 = 3*p - 5*b, a*b + 81 = 5*p. What are the prime factors of p?
13
Let a be (-2 - -1)/(2/6). Let v be (a/(-6))/1*0. Suppose v = 2*o - 7 + 3. What are the prime factors of o?
2
What are the prime factors of 4/(-2*4)*-130?
5, 13
Let h = -51 - -77. List the prime factors of 4/3 + h/39.
2
Let z = 0 + 0. Let l(t) = 5*t**2 - 13*t + 65. Let u(o) = o**2 - 3*o + 16. Let a(j) = -2*l(j) + 9*u(j). List the prime factors of a(z).
2, 7
Let f(z) = z**3 + 8*z**2 + 5*z + 1. What are the prime factors of f(-6)?
43
Let v = -99 - -140. Suppose 46 = 3*s - 5*d, 5*s - v = 2*s + 4*d. List the prime factors of (s/2)/((-5)/(-20)).
2, 7
Let h = 29 - -25. List the prime factors of h.
2, 3
Suppose 0 = -5*v - 2 - 3. Let n be 80/(-6) + (-8)/(-24). Let g = 